{"id":111,"date":"2019-04-25T09:24:40","date_gmt":"2019-04-25T09:24:40","guid":{"rendered":"http:\/\/demo.archiwp.com\/archi-industry\/?page_id=111"},"modified":"2026-03-25T17:20:10","modified_gmt":"2026-03-25T23:20:10","slug":"contact","status":"publish","type":"page","link":"https:\/\/pcbqro.com\/index.php\/contact\/","title":{"rendered":"Contacto"},"content":{"rendered":"<div class=\"wpb-content-wrapper\"><p>[vc_row][vc_column][vc_raw_html]JTNDaWZyYW1lJTIwc3JjJTNEJTIyaHR0cHMlM0ElMkYlMkZ3d3cuZ29vZ2xlLmNvbSUyRm1hcHMlMkZlbWJlZCUzRnBiJTNEJTIxMW0xOCUyMTFtMTIlMjExbTMlMjExZDM3MzUuMDg1NjgzNjk3MDg2JTIxMmQtMTAwLjQxNTY3ODkyNDc1NTQ3JTIxM2QyMC41ODQ1NTgxODA5NTU5MzglMjEybTMlMjExZjAlMjEyZjAlMjEzZjAlMjEzbTIlMjExaTEwMjQlMjEyaTc2OCUyMTRmMTMuMSUyMTNtMyUyMTFtMiUyMTFzMHg4NWQzNDU0YmNmOTc0Mzc5JTI1M0EweDI5MjY5Yjk3MTFjYzQwZDIlMjEyc1Byb3ZlZWRvcmElMjUyMGRlJTI1MjBDbGltYXMlMjUyMGRlbCUyNTIwQmFqJTI1QzMlMjVBRG8lMjUyMFMuQS4lMjUyMERlLiUyNTIwQy5WLiUyMTVlMCUyMTNtMiUyMTFzZXMtNDE5JTIxMnNteCUyMTR2MTcxNjU5MjA2NzExMyUyMTVtMiUyMTFzZXMtNDE5JTIxMnNteCUyMiUyMHdpZHRoJTNEJTIyNjAwJTIyJTIwaGVpZ2h0JTNEJTIyNDUwJTIyJTIwc3R5bGUlM0QlMjJib3JkZXIlM0EwJTNCJTIyJTIwYWxsb3dmdWxsc2NyZWVuJTNEJTIyJTIyJTIwbG9hZGluZyUzRCUyMmxhenklMjIlMjByZWZlcnJlcnBvbGljeSUzRCUyMm5vLXJlZmVycmVyLXdoZW4tZG93bmdyYWRlJTIyJTNFJTNDJTJGaWZyYW1lJTNF[\/vc_raw_html][vc_separator border_width=&#8221;3&#8243;][\/vc_column][\/vc_row][vc_row css=&#8221;.vc_custom_1438577300524{padding-bottom: 90px !important;}&#8221;][vc_column width=&#8221;2\/3&#8243; wap_class=&#8221;wow fadeInUp&#8221;]\n\t<!-- Element: OT Heading --> \t \n\t<h3 class=\"ot_custom_heading  \" style=\"\" >CONT\u00c1CTANOS<\/h3>\t\n[vc_empty_space height=&#8221;10px&#8221;]\n<div class=\"wpcf7 no-js\" id=\"wpcf7-f128-o1\" lang=\"en-US\" dir=\"ltr\" data-wpcf7-id=\"128\">\n<div class=\"screen-reader-response\"><p role=\"status\" aria-live=\"polite\" aria-atomic=\"true\"><\/p> <ul><\/ul><\/div>\n<form action=\"\/index.php\/wp-json\/wp\/v2\/pages\/111#wpcf7-f128-o1\" method=\"post\" class=\"wpcf7-form init\" aria-label=\"Contact form\" novalidate=\"novalidate\" data-status=\"init\">\n<fieldset class=\"hidden-fields-container\"><input type=\"hidden\" name=\"_wpcf7\" value=\"128\" \/><input type=\"hidden\" name=\"_wpcf7_version\" value=\"6.1.5\" \/><input type=\"hidden\" name=\"_wpcf7_locale\" value=\"en_US\" \/><input type=\"hidden\" name=\"_wpcf7_unit_tag\" value=\"wpcf7-f128-o1\" \/><input type=\"hidden\" name=\"_wpcf7_container_post\" value=\"0\" \/><input type=\"hidden\" name=\"_wpcf7_posted_data_hash\" value=\"\" \/><input type=\"hidden\" name=\"_wpcf7_recaptcha_response\" value=\"\" \/>\n<\/fieldset>\n<p><span class=\"wpcf7-form-control-wrap\" data-name=\"checkbox-841\"><span class=\"wpcf7-form-control wpcf7-checkbox wpcf7-validates-as-required\"><\/span><\/span>\n<\/p>\n<div class=\"row\">\n\t<div class=\"col-md-4\">\n\t\t<div>\n\t\t\t<p><span class=\"wpcf7-form-control-wrap\" data-name=\"your-name\"><input size=\"40\" maxlength=\"400\" class=\"wpcf7-form-control wpcf7-text wpcf7-validates-as-required\" aria-required=\"true\" aria-invalid=\"false\" placeholder=\"Nombre*\" value=\"\" type=\"text\" name=\"your-name\" \/><\/span>\n\t\t\t<\/p>\n\t\t<\/div>\n\t\t<div>\n\t\t\t<p><span class=\"wpcf7-form-control-wrap\" data-name=\"your-email\"><input size=\"40\" maxlength=\"400\" class=\"wpcf7-form-control wpcf7-email wpcf7-validates-as-required wpcf7-text wpcf7-validates-as-email\" aria-required=\"true\" aria-invalid=\"false\" placeholder=\"Email\" value=\"\" type=\"email\" name=\"your-email\" \/><\/span>\n\t\t\t<\/p>\n\t\t<\/div>\n\t\t<div>\n\t\t\t<p><span class=\"wpcf7-form-control-wrap\" data-name=\"your-phone\"><input size=\"40\" maxlength=\"400\" class=\"wpcf7-form-control wpcf7-tel wpcf7-validates-as-required wpcf7-text wpcf7-validates-as-tel\" aria-required=\"true\" aria-invalid=\"false\" placeholder=\"Tel\u00e9fono *\" value=\"\" type=\"tel\" name=\"your-phone\" \/><\/span>\n\t\t\t<\/p>\n\t\t<\/div>\n\t<\/div>\n\t<div class=\"col-md-8\">\n\t\t<div>\n\t\t\t<p><span class=\"wpcf7-form-control-wrap\" data-name=\"your-message\"><textarea cols=\"80\" rows=\"6\" maxlength=\"2000\" class=\"wpcf7-form-control wpcf7-textarea wpcf7-validates-as-required\" aria-required=\"true\" aria-invalid=\"false\" placeholder=\"Mensaje\" name=\"your-message\"><\/textarea><\/span>\n\t\t\t<\/p>\n\t\t<\/div>\n\t<\/div>\n\t<div class=\"col-md-12\">\n\t\t<p id=\"submit\"><input class=\"wpcf7-form-control wpcf7-submit has-spinner btn btn-line\" type=\"submit\" value=\"Enviar\" \/>\n\t\t<\/p>\n\t<\/div>\n\t<p><label><br \/>\n\t\t<span class=\"wpcf7-form-control-wrap recaptcha\" data-name=\"recaptcha\"><span data-sitekey=\"6LfJPnIqAAAAACszGup7URBP425bO93AGoGYclEi\" class=\"wpcf7-form-control wpcf7-recaptcha g-recaptcha\"><\/span>\r\n<noscript>\r\n\t<div class=\"grecaptcha-noscript\">\r\n\t\t<iframe src=\"https:\/\/www.google.com\/recaptcha\/api\/fallback?k=6LfJPnIqAAAAACszGup7URBP425bO93AGoGYclEi\" frameborder=\"0\" scrolling=\"no\" width=\"310\" height=\"430\">\r\n\t\t<\/iframe>\r\n\t\t<textarea name=\"g-recaptcha-response\" rows=\"3\" cols=\"40\" placeholder=\"reCaptcha Response Here\">\r\n\t\t<\/textarea>\r\n\t<\/div>\r\n<\/noscript>\r\n<\/span> <\/label>\n\t<\/p>\n<\/div><div class=\"wpcf7-response-output\" aria-hidden=\"true\"><\/div>\n<\/form>\n<\/div>\n[\/vc_column][vc_column width=&#8221;1\/3&#8243; wap_class=&#8221;wow fadeInUp&#8221;]\n\t<!-- Element: OT Heading --> \t \n\t<h3 class=\"ot_custom_heading  \" style=\"\" >Contacto<\/h3>\t\n[vc_column_text css=&#8221;&#8221; el_class=&#8221;text-dark&#8221;]<\/p>\n<address>\n<div>Prolongaci\u00f3n Pino<br \/>\nSu\u00e1rez #361 , Quer\u00e9taro,<br \/>\nQro. CP 76178<\/div>\n<div><strong>Tel\u00e9fono: <\/strong><a href=\"tel:+524424114995\">(442) 411 4995<\/a><\/div>\n<div><strong>Tel\u00e9fono: <\/strong><a href=\"tel:+52441594002\">(442) 159 4002<\/a><\/div>\n<div><strong>Email: <a href=\"mailto:ventas1@pcbqro.com\">ventas1@pcbqro.com<\/a><\/strong><\/div>\n<div><strong>Web: <\/strong><a href=\"&quot;https:\/\/pcbqro.com\/\">www.pcbqro.com<\/a><\/div>\n<div><strong>Abierto de <\/strong>Lunes \u2013 Viernes 08:30 \u2013 18:00.<\/div>\n<\/address>\n<p>[\/vc_column_text][\/vc_column][\/vc_row]<\/p>\n<\/div>","protected":false},"excerpt":{"rendered":"<p>[vc_row][vc_column][vc_raw_html]JTNDaWZyYW1lJTIwc3JjJTNEJTIyaHR0cHMlM0ElMkYlMkZ3d3cuZ29vZ2xlLmNvbSUyRm1hcHMlMkZlbWJlZCUzRnBiJTNEJTIxMW0xOCUyMTFtMTIlMjExbTMlMjExZDM3MzUuMDg1NjgzNjk3MDg2JTIxMmQtMTAwLjQxNTY3ODkyNDc1NTQ3JTIxM2QyMC41ODQ1NTgxODA5NTU5MzglMjEybTMlMjExZjAlMjEyZjAlMjEzZjAlMjEzbTIlMjExaTEwMjQlMjEyaTc2OCUyMTRmMTMuMSUyMTNtMyUyMTFtMiUyMTFzMHg4NWQzNDU0YmNmOTc0Mzc5JTI1M0EweDI5MjY5Yjk3MTFjYzQwZDIlMjEyc1Byb3ZlZWRvcmElMjUyMGRlJTI1MjBDbGltYXMlMjUyMGRlbCUyNTIwQmFqJTI1QzMlMjVBRG8lMjUyMFMuQS4lMjUyMERlLiUyNTIwQy5WLiUyMTVlMCUyMTNtMiUyMTFzZXMtNDE5JTIxMnNteCUyMTR2MTcxNjU5MjA2NzExMyUyMTVtMiUyMTFzZXMtNDE5JTIxMnNteCUyMiUyMHdpZHRoJTNEJTIyNjAwJTIyJTIwaGVpZ2h0JTNEJTIyNDUwJTIyJTIwc3R5bGUlM0QlMjJib3JkZXIlM0EwJTNCJTIyJTIwYWxsb3dmdWxsc2NyZWVuJTNEJTIyJTIyJTIwbG9hZGluZyUzRCUyMmxhenklMjIlMjByZWZlcnJlcnBvbGljeSUzRCUyMm5vLXJlZmVycmVyLXdoZW4tZG93bmdyYWRlJTIyJTNFJTNDJTJGaWZyYW1lJTNF[\/vc_raw_html][vc_separator border_width=&#8221;3&#8243;][\/vc_column][\/vc_row][vc_row css=&#8221;.vc_custom_1438577300524{padding-bottom: 90px !important;}&#8221;][vc_column width=&#8221;2\/3&#8243; wap_class=&#8221;wow fadeInUp&#8221;][vc_empty_space height=&#8221;10px&#8221;][\/vc_column][vc_column width=&#8221;1\/3&#8243; wap_class=&#8221;wow fadeInUp&#8221;][vc_column_text css=&#8221;&#8221; el_class=&#8221;text-dark&#8221;] Prolongaci\u00f3n Pino Su\u00e1rez #361 , Quer\u00e9taro, Qro. CP 76178 Tel\u00e9fono: (442) 411 4995 Tel\u00e9fono: (442) 159 4002 Email: ventas1@pcbqro.com Web: www.pcbqro.com Abierto de Lunes \u2013 Viernes 08:30 \u2013 18:00. [\/vc_column_text][\/vc_column][\/vc_row]<\/p>\n","protected":false},"author":1,"featured_media":0,"parent":0,"menu_order":0,"comment_status":"closed","ping_status":"closed","template":"page-templates\/template-fullwidth.php","meta":{"_joinchat":[],"footnotes":""},"class_list":["post-111","page","type-page","status-publish","hentry"],"yoast_head":"<!-- This site is optimized with the Yoast SEO Premium plugin v22.8 (Yoast SEO v24.8.1) - https:\/\/yoast.com\/wordpress\/plugins\/seo\/ -->\n<title>Contacto ~ Proveedora de Climas del Baj\u00edo, S.A. de C.V.<\/title>\n<meta name=\"robots\" content=\"index, follow, max-snippet:-1, max-image-preview:large, max-video-preview:-1\" \/>\n<link rel=\"canonical\" href=\"https:\/\/pcbqro.com\/index.php\/contact\/\" \/>\n<meta property=\"og:locale\" content=\"es_ES\" \/>\n<meta property=\"og:type\" content=\"article\" \/>\n<meta property=\"og:title\" content=\"Contacto\" \/>\n<meta property=\"og:description\" content=\"[vc_row][vc_column][vc_raw_html]JTNDaWZyYW1lJTIwc3JjJTNEJTIyaHR0cHMlM0ElMkYlMkZ3d3cuZ29vZ2xlLmNvbSUyRm1hcHMlMkZlbWJlZCUzRnBiJTNEJTIxMW0xOCUyMTFtMTIlMjExbTMlMjExZDM3MzUuMDg1NjgzNjk3MDg2JTIxMmQtMTAwLjQxNTY3ODkyNDc1NTQ3JTIxM2QyMC41ODQ1NTgxODA5NTU5MzglMjEybTMlMjExZjAlMjEyZjAlMjEzZjAlMjEzbTIlMjExaTEwMjQlMjEyaTc2OCUyMTRmMTMuMSUyMTNtMyUyMTFtMiUyMTFzMHg4NWQzNDU0YmNmOTc0Mzc5JTI1M0EweDI5MjY5Yjk3MTFjYzQwZDIlMjEyc1Byb3ZlZWRvcmElMjUyMGRlJTI1MjBDbGltYXMlMjUyMGRlbCUyNTIwQmFqJTI1QzMlMjVBRG8lMjUyMFMuQS4lMjUyMERlLiUyNTIwQy5WLiUyMTVlMCUyMTNtMiUyMTFzZXMtNDE5JTIxMnNteCUyMTR2MTcxNjU5MjA2NzExMyUyMTVtMiUyMTFzZXMtNDE5JTIxMnNteCUyMiUyMHdpZHRoJTNEJTIyNjAwJTIyJTIwaGVpZ2h0JTNEJTIyNDUwJTIyJTIwc3R5bGUlM0QlMjJib3JkZXIlM0EwJTNCJTIyJTIwYWxsb3dmdWxsc2NyZWVuJTNEJTIyJTIyJTIwbG9hZGluZyUzRCUyMmxhenklMjIlMjByZWZlcnJlcnBvbGljeSUzRCUyMm5vLXJlZmVycmVyLXdoZW4tZG93bmdyYWRlJTIyJTNFJTNDJTJGaWZyYW1lJTNF[\/vc_raw_html][vc_separator border_width=&#8221;3&#8243;][\/vc_column][\/vc_row][vc_row css=&#8221;.vc_custom_1438577300524{padding-bottom: 90px !important;}&#8221;][vc_column width=&#8221;2\/3&#8243; wap_class=&#8221;wow fadeInUp&#8221;][vc_empty_space height=&#8221;10px&#8221;][\/vc_column][vc_column width=&#8221;1\/3&#8243; wap_class=&#8221;wow fadeInUp&#8221;][vc_column_text css=&#8221;&#8221; el_class=&#8221;text-dark&#8221;] Prolongaci\u00f3n Pino Su\u00e1rez #361 , Quer\u00e9taro, Qro. CP 76178 Tel\u00e9fono: (442) 411 4995 Tel\u00e9fono: (442) 159 4002 Email: ventas1@pcbqro.com Web: www.pcbqro.com Abierto de Lunes \u2013 Viernes 08:30 \u2013 18:00. [\/vc_column_text][\/vc_column][\/vc_row]\" \/>\n<meta property=\"og:url\" content=\"https:\/\/pcbqro.com\/index.php\/contact\/\" \/>\n<meta property=\"og:site_name\" content=\"Proveedora de Climas del Baj\u00edo, S.A. de C.V.\" \/>\n<meta property=\"article:publisher\" content=\"https:\/\/www.facebook.com\/proveedoraqueretanadeclimas\/\" \/>\n<meta property=\"article:modified_time\" content=\"2026-03-25T23:20:10+00:00\" \/>\n<meta property=\"og:image\" content=\"https:\/\/pcbqro.com\/wp-content\/uploads\/2024\/04\/PCB-QUERETARO.png\" \/>\n\t<meta property=\"og:image:width\" content=\"3760\" \/>\n\t<meta property=\"og:image:height\" content=\"1438\" \/>\n\t<meta property=\"og:image:type\" content=\"image\/png\" \/>\n<meta name=\"twitter:card\" content=\"summary_large_image\" \/>\n<meta name=\"twitter:label1\" content=\"Tiempo de lectura\" \/>\n\t<meta name=\"twitter:data1\" content=\"1 minuto\" \/>\n<script type=\"application\/ld+json\" class=\"yoast-schema-graph\">{\"@context\":\"https:\/\/schema.org\",\"@graph\":[{\"@type\":\"WebPage\",\"@id\":\"https:\/\/pcbqro.com\/index.php\/contact\/\",\"url\":\"https:\/\/pcbqro.com\/index.php\/contact\/\",\"name\":\"Contacto ~ Proveedora de Climas del Baj\u00edo, S.A. de C.V.\",\"isPartOf\":{\"@id\":\"https:\/\/pcbqro.com\/#website\"},\"datePublished\":\"2019-04-25T09:24:40+00:00\",\"dateModified\":\"2026-03-25T23:20:10+00:00\",\"breadcrumb\":{\"@id\":\"https:\/\/pcbqro.com\/index.php\/contact\/#breadcrumb\"},\"inLanguage\":\"es\",\"potentialAction\":[{\"@type\":\"ReadAction\",\"target\":[\"https:\/\/pcbqro.com\/index.php\/contact\/\"]}]},{\"@type\":\"BreadcrumbList\",\"@id\":\"https:\/\/pcbqro.com\/index.php\/contact\/#breadcrumb\",\"itemListElement\":[{\"@type\":\"ListItem\",\"position\":1,\"name\":\"Portada\",\"item\":\"https:\/\/pcbqro.com\/\"},{\"@type\":\"ListItem\",\"position\":2,\"name\":\"Contacto\"}]},{\"@type\":\"WebSite\",\"@id\":\"https:\/\/pcbqro.com\/#website\",\"url\":\"https:\/\/pcbqro.com\/\",\"name\":\"Proveedora de Climas del Baj\u00edo, S.A. de C.V.\",\"description\":\"Proveedora de Climas del Baj\u00edo\",\"publisher\":{\"@id\":\"https:\/\/pcbqro.com\/#organization\"},\"potentialAction\":[{\"@type\":\"SearchAction\",\"target\":{\"@type\":\"EntryPoint\",\"urlTemplate\":\"https:\/\/pcbqro.com\/?s={search_term_string}\"},\"query-input\":{\"@type\":\"PropertyValueSpecification\",\"valueRequired\":true,\"valueName\":\"search_term_string\"}}],\"inLanguage\":\"es\"},{\"@type\":\"Organization\",\"@id\":\"https:\/\/pcbqro.com\/#organization\",\"name\":\"Proveedora de Climas del Baj\u00edo, S.A. de C.V.\",\"url\":\"https:\/\/pcbqro.com\/\",\"logo\":{\"@type\":\"ImageObject\",\"inLanguage\":\"es\",\"@id\":\"https:\/\/pcbqro.com\/#\/schema\/logo\/image\/\",\"url\":\"https:\/\/pcbqro.com\/wp-content\/uploads\/2024\/04\/PCB-QUERETARO.png\",\"contentUrl\":\"https:\/\/pcbqro.com\/wp-content\/uploads\/2024\/04\/PCB-QUERETARO.png\",\"width\":3760,\"height\":1438,\"caption\":\"Proveedora de Climas del Baj\u00edo, S.A. de C.V.\"},\"image\":{\"@id\":\"https:\/\/pcbqro.com\/#\/schema\/logo\/image\/\"},\"sameAs\":[\"https:\/\/www.facebook.com\/proveedoraqueretanadeclimas\/\"],\"publishingPrinciples\":\"https:\/\/pcbqro.com\/index.php\/politica-privacidad\/\",\"ownershipFundingInfo\":\"https:\/\/pcbqro.com\/index.php\/politica-privacidad\/\",\"actionableFeedbackPolicy\":\"https:\/\/pcbqro.com\/index.php\/politica-privacidad\/\",\"correctionsPolicy\":\"https:\/\/pcbqro.com\/index.php\/politica-privacidad\/\",\"ethicsPolicy\":\"https:\/\/pcbqro.com\/index.php\/politica-privacidad\/\",\"diversityPolicy\":\"https:\/\/pcbqro.com\/index.php\/politica-privacidad\/\",\"diversityStaffingReport\":\"https:\/\/pcbqro.com\/index.php\/politica-privacidad\/\"}]}<\/script>\n<!-- \/ Yoast SEO Premium plugin. -->","yoast_head_json":{"title":"Contacto ~ Proveedora de Climas del Baj\u00edo, S.A. de C.V.","robots":{"index":"index","follow":"follow","max-snippet":"max-snippet:-1","max-image-preview":"max-image-preview:large","max-video-preview":"max-video-preview:-1"},"canonical":"https:\/\/pcbqro.com\/index.php\/contact\/","og_locale":"es_ES","og_type":"article","og_title":"Contacto","og_description":"[vc_row][vc_column][vc_raw_html]JTNDaWZyYW1lJTIwc3JjJTNEJTIyaHR0cHMlM0ElMkYlMkZ3d3cuZ29vZ2xlLmNvbSUyRm1hcHMlMkZlbWJlZCUzRnBiJTNEJTIxMW0xOCUyMTFtMTIlMjExbTMlMjExZDM3MzUuMDg1NjgzNjk3MDg2JTIxMmQtMTAwLjQxNTY3ODkyNDc1NTQ3JTIxM2QyMC41ODQ1NTgxODA5NTU5MzglMjEybTMlMjExZjAlMjEyZjAlMjEzZjAlMjEzbTIlMjExaTEwMjQlMjEyaTc2OCUyMTRmMTMuMSUyMTNtMyUyMTFtMiUyMTFzMHg4NWQzNDU0YmNmOTc0Mzc5JTI1M0EweDI5MjY5Yjk3MTFjYzQwZDIlMjEyc1Byb3ZlZWRvcmElMjUyMGRlJTI1MjBDbGltYXMlMjUyMGRlbCUyNTIwQmFqJTI1QzMlMjVBRG8lMjUyMFMuQS4lMjUyMERlLiUyNTIwQy5WLiUyMTVlMCUyMTNtMiUyMTFzZXMtNDE5JTIxMnNteCUyMTR2MTcxNjU5MjA2NzExMyUyMTVtMiUyMTFzZXMtNDE5JTIxMnNteCUyMiUyMHdpZHRoJTNEJTIyNjAwJTIyJTIwaGVpZ2h0JTNEJTIyNDUwJTIyJTIwc3R5bGUlM0QlMjJib3JkZXIlM0EwJTNCJTIyJTIwYWxsb3dmdWxsc2NyZWVuJTNEJTIyJTIyJTIwbG9hZGluZyUzRCUyMmxhenklMjIlMjByZWZlcnJlcnBvbGljeSUzRCUyMm5vLXJlZmVycmVyLXdoZW4tZG93bmdyYWRlJTIyJTNFJTNDJTJGaWZyYW1lJTNF[\/vc_raw_html][vc_separator border_width=&#8221;3&#8243;][\/vc_column][\/vc_row][vc_row css=&#8221;.vc_custom_1438577300524{padding-bottom: 90px !important;}&#8221;][vc_column width=&#8221;2\/3&#8243; wap_class=&#8221;wow fadeInUp&#8221;][vc_empty_space height=&#8221;10px&#8221;][\/vc_column][vc_column width=&#8221;1\/3&#8243; wap_class=&#8221;wow fadeInUp&#8221;][vc_column_text css=&#8221;&#8221; el_class=&#8221;text-dark&#8221;] Prolongaci\u00f3n Pino Su\u00e1rez #361 , Quer\u00e9taro, Qro. CP 76178 Tel\u00e9fono: (442) 411 4995 Tel\u00e9fono: (442) 159 4002 Email: ventas1@pcbqro.com Web: www.pcbqro.com Abierto de Lunes \u2013 Viernes 08:30 \u2013 18:00. [\/vc_column_text][\/vc_column][\/vc_row]","og_url":"https:\/\/pcbqro.com\/index.php\/contact\/","og_site_name":"Proveedora de Climas del Baj\u00edo, S.A. de C.V.","article_publisher":"https:\/\/www.facebook.com\/proveedoraqueretanadeclimas\/","article_modified_time":"2026-03-25T23:20:10+00:00","og_image":[{"width":3760,"height":1438,"url":"https:\/\/pcbqro.com\/wp-content\/uploads\/2024\/04\/PCB-QUERETARO.png","type":"image\/png"}],"twitter_card":"summary_large_image","twitter_misc":{"Tiempo de lectura":"1 minuto"},"schema":{"@context":"https:\/\/schema.org","@graph":[{"@type":"WebPage","@id":"https:\/\/pcbqro.com\/index.php\/contact\/","url":"https:\/\/pcbqro.com\/index.php\/contact\/","name":"Contacto ~ Proveedora de Climas del Baj\u00edo, S.A. de C.V.","isPartOf":{"@id":"https:\/\/pcbqro.com\/#website"},"datePublished":"2019-04-25T09:24:40+00:00","dateModified":"2026-03-25T23:20:10+00:00","breadcrumb":{"@id":"https:\/\/pcbqro.com\/index.php\/contact\/#breadcrumb"},"inLanguage":"es","potentialAction":[{"@type":"ReadAction","target":["https:\/\/pcbqro.com\/index.php\/contact\/"]}]},{"@type":"BreadcrumbList","@id":"https:\/\/pcbqro.com\/index.php\/contact\/#breadcrumb","itemListElement":[{"@type":"ListItem","position":1,"name":"Portada","item":"https:\/\/pcbqro.com\/"},{"@type":"ListItem","position":2,"name":"Contacto"}]},{"@type":"WebSite","@id":"https:\/\/pcbqro.com\/#website","url":"https:\/\/pcbqro.com\/","name":"Proveedora de Climas del Baj\u00edo, S.A. de C.V.","description":"Proveedora de Climas del Baj\u00edo","publisher":{"@id":"https:\/\/pcbqro.com\/#organization"},"potentialAction":[{"@type":"SearchAction","target":{"@type":"EntryPoint","urlTemplate":"https:\/\/pcbqro.com\/?s={search_term_string}"},"query-input":{"@type":"PropertyValueSpecification","valueRequired":true,"valueName":"search_term_string"}}],"inLanguage":"es"},{"@type":"Organization","@id":"https:\/\/pcbqro.com\/#organization","name":"Proveedora de Climas del Baj\u00edo, S.A. de C.V.","url":"https:\/\/pcbqro.com\/","logo":{"@type":"ImageObject","inLanguage":"es","@id":"https:\/\/pcbqro.com\/#\/schema\/logo\/image\/","url":"https:\/\/pcbqro.com\/wp-content\/uploads\/2024\/04\/PCB-QUERETARO.png","contentUrl":"https:\/\/pcbqro.com\/wp-content\/uploads\/2024\/04\/PCB-QUERETARO.png","width":3760,"height":1438,"caption":"Proveedora de Climas del Baj\u00edo, S.A. de C.V."},"image":{"@id":"https:\/\/pcbqro.com\/#\/schema\/logo\/image\/"},"sameAs":["https:\/\/www.facebook.com\/proveedoraqueretanadeclimas\/"],"publishingPrinciples":"https:\/\/pcbqro.com\/index.php\/politica-privacidad\/","ownershipFundingInfo":"https:\/\/pcbqro.com\/index.php\/politica-privacidad\/","actionableFeedbackPolicy":"https:\/\/pcbqro.com\/index.php\/politica-privacidad\/","correctionsPolicy":"https:\/\/pcbqro.com\/index.php\/politica-privacidad\/","ethicsPolicy":"https:\/\/pcbqro.com\/index.php\/politica-privacidad\/","diversityPolicy":"https:\/\/pcbqro.com\/index.php\/politica-privacidad\/","diversityStaffingReport":"https:\/\/pcbqro.com\/index.php\/politica-privacidad\/"}]}},"_links":{"self":[{"href":"https:\/\/pcbqro.com\/index.php\/wp-json\/wp\/v2\/pages\/111","targetHints":{"allow":["GET"]}}],"collection":[{"href":"https:\/\/pcbqro.com\/index.php\/wp-json\/wp\/v2\/pages"}],"about":[{"href":"https:\/\/pcbqro.com\/index.php\/wp-json\/wp\/v2\/types\/page"}],"author":[{"embeddable":true,"href":"https:\/\/pcbqro.com\/index.php\/wp-json\/wp\/v2\/users\/1"}],"replies":[{"embeddable":true,"href":"https:\/\/pcbqro.com\/index.php\/wp-json\/wp\/v2\/comments?post=111"}],"version-history":[{"count":20,"href":"https:\/\/pcbqro.com\/index.php\/wp-json\/wp\/v2\/pages\/111\/revisions"}],"predecessor-version":[{"id":501,"href":"https:\/\/pcbqro.com\/index.php\/wp-json\/wp\/v2\/pages\/111\/revisions\/501"}],"wp:attachment":[{"href":"https:\/\/pcbqro.com\/index.php\/wp-json\/wp\/v2\/media?parent=111"}],"curies":[{"name":"wp","href":"https:\/\/api.w.org\/{rel}","templated":true}]}}